{"id":2,"date":"2024-11-22T14:48:12","date_gmt":"2024-11-22T14:48:12","guid":{"rendered":"https:\/\/femigin.com\/?page_id=2"},"modified":"2024-11-22T15:00:23","modified_gmt":"2024-11-22T15:00:23","slug":"sample-page","status":"publish","type":"page","link":"https:\/\/femigin.com\/?page_id=2","title":{"rendered":"Welcome on the Femigin website"},"content":{"rendered":"\n<p>Geachte ge\u00efnteresseerde, dank dat u onze website bezoekt!<\/p>\n\n\n\n<p>Het spijt ons dat wij u niet een volwaardige website kunnen laten zien en wij willen u graag uitleggen waarom.<\/p>\n\n\n\n<p>Begin 2022 hebben wij ons bedrijf verkocht, helaas heeft dit voor het bedrijf niet goed uitgepakt en heeft de koper besloten na 2,5 jaar voor het bedrijf faillissement aan te vragen.<\/p>\n\n\n\n<p>Dit is in oktober 2024 door de rechtbank toegewezen. Wij hebben in de tijd die hierop volgde nauw contact gehad met de curator en een doorstart plan gemaakt.<\/p>\n\n\n\n<p>De huidige stand van zaken is dat wij het&nbsp; bedrijf teruggekocht hebben en per 01-01-2025 willen doorstarten met een deel van de productie en verkoop.<\/p>\n\n\n\n<p>Wij hebben er heel veel zin in en zouden het fantastisch vinden als wij iets voor u kunnen betekenen. U kunt ons altijd bereiken onder telefoonnummer&nbsp; 0521-351638 of 0623459481.<\/p>\n\n\n\n<p>Wij hopen van u te horen.<\/p>\n\n\n\n<p>Met vriendelijke groet<\/p>\n\n\n\n<p>Het FemiGin\/DAC Pharma Team<\/p>\n\n\n\n<p>Dear visitor, thank you for visiting our website! We are sorry that we cannot show you a full-fledged website and we would like to explain why.&nbsp;<\/p>\n\n\n\n<p>At the beginning of 2022 we sold our company, unfortunately this did not work out well for the company and the buyer decided to file for bankruptcy after 2.5 years for the company.&nbsp;<\/p>\n\n\n\n<p>This was granted by the court in October 2024. In the time that followed, we were in close contact with the trustee and made a restart plan.&nbsp;<\/p>\n\n\n\n<p>The current state of affairs is that we have bought back the company and want to restart part of the production and sales as of 01-01-2025.&nbsp;<\/p>\n\n\n\n<p>We are very much looking forward to it and would love it if we could do something for you. You can always reach us under telephone number 0521-351638 or 0623459481.<\/p>\n\n\n\n<p>We hope to hear from you.&nbsp;<\/p>\n\n\n\n<p>Best regards The FemiGin\/DAC Pharma Team<\/p>\n\n\n\n<p>Sehr geehrter Besucher, vielen Dank f\u00fcr Ihren Besuch auf unserer Website! Es tut uns leid, dass wir Ihnen keine vollwertige Website zeigen k\u00f6nnen und m\u00f6chten Ihnen erkl\u00e4ren, warum.&nbsp;<\/p>\n\n\n\n<p>Anfang 2022 haben wir unser Unternehmen verkauft, leider hat dies f\u00fcr das Unternehmen nicht gut geklappt und der K\u00e4ufer hat sich entschieden, nach 2,5 Jahren f\u00fcr das Unternehmen Insolvenz anzumelden.&nbsp;<\/p>\n\n\n\n<p>Diese wurde im Oktober 2024 vom Gericht bewilligt. In der folgenden Zeit standen wir in engem Kontakt mit dem Treuh\u00e4nder und machten einen Neustartplan<\/p>\n\n\n\n<p>Der aktuelle Stand der Dinge ist, dass wir das Unternehmen zur\u00fcckgekauft haben und einen Teil der Produktion und des Vertriebs zum 01.01.2025 wieder aufnehmen wollen.&nbsp;<\/p>\n\n\n\n<p>Wir freuen uns sehr darauf und w\u00fcrden uns freuen, wenn wir etwas f\u00fcr Sie tun k\u00f6nnten. Sie erreichen uns jederzeit unter der Telefonnummer 0521-351638 oder 0623459481.&nbsp;<\/p>\n\n\n\n<p>Wir freuen uns, von Ihnen zu h\u00f6ren.&nbsp;<\/p>\n\n\n\n<p>Alles Gute Das Team von FemiGin\/DAC Pharmantial site visitors. It might say something like this:<\/p>\n\n\n\n<blockquote class=\"wp-block-quote is-layout-flow wp-block-quote-is-layout-flow\">\n<p>Hi there! I&#8217;m a bike messenger by day, aspiring actor by night, and this is my website. I live in Los Angeles, have a great dog named Jack, and I like pi\u00f1a coladas. (And gettin&#8217; caught in the rain.)<\/p>\n<\/blockquote>\n\n\n\n<p>&#8230;or something like this:<\/p>\n\n\n\n<blockquote class=\"wp-block-quote is-layout-flow wp-block-quote-is-layout-flow\">\n<p>The XYZ Doohickey Company was founded in 1971, and has been providing quality doohickeys to the public ever since. Located in Gotham City, XYZ employs over 2,000 people and does all kinds of awesome things for the Gotham community.<\/p>\n<\/blockquote>\n\n\n\n<p>As a new WordPress user, you should go to <a href=\"https:\/\/femigin.com\/wp-admin\/\">your dashboard<\/a> to delete this page and create new pages for your content. Have fun!<\/p>\n","protected":false},"excerpt":{"rendered":"<p>Geachte ge\u00efnteresseerde, dank dat u onze website bezoekt! Het spijt ons dat wij u niet een volwaardige website kunnen laten zien en wij willen u graag uitleggen waarom. Begin 2022 hebben wij ons bedrijf verkocht, helaas heeft dit voor het bedrijf niet goed uitgepakt en heeft de koper besloten na 2,5 jaar voor het bedrijf [&hellip;]<\/p>\n","protected":false},"author":1,"featured_media":0,"parent":0,"menu_order":0,"comment_status":"closed","ping_status":"open","template":"","meta":{"footnotes":""},"class_list":["post-2","page","type-page","status-publish","hentry"],"_links":{"self":[{"href":"https:\/\/femigin.com\/index.php?rest_route=\/wp\/v2\/pages\/2","targetHints":{"allow":["GET"]}}],"collection":[{"href":"https:\/\/femigin.com\/index.php?rest_route=\/wp\/v2\/pages"}],"about":[{"href":"https:\/\/femigin.com\/index.php?rest_route=\/wp\/v2\/types\/page"}],"author":[{"embeddable":true,"href":"https:\/\/femigin.com\/index.php?rest_route=\/wp\/v2\/users\/1"}],"replies":[{"embeddable":true,"href":"https:\/\/femigin.com\/index.php?rest_route=%2Fwp%2Fv2%2Fcomments&post=2"}],"version-history":[{"count":2,"href":"https:\/\/femigin.com\/index.php?rest_route=\/wp\/v2\/pages\/2\/revisions"}],"predecessor-version":[{"id":8,"href":"https:\/\/femigin.com\/index.php?rest_route=\/wp\/v2\/pages\/2\/revisions\/8"}],"wp:attachment":[{"href":"https:\/\/femigin.com\/index.php?rest_route=%2Fwp%2Fv2%2Fmedia&parent=2"}],"curies":[{"name":"wp","href":"https:\/\/api.w.org\/{rel}","templated":true}]}}